digit of o?
6
Let r(l) = l**2 - l - 26. Let f be r(-5). Suppose 0 = m - f*o - 281, m + m - 2*o - 556 = 0. What is the hundreds digit of m?
2
Let i(q) = 0 + 2*q + 12*q**2 - 5 - 1. Let s be i(3). What is the units digit of (44/6)/(6/s)?
2
What is the units digit of 1 + (4/22 - (-620)/220) - -9761?
5
Let d be (30/(-12) + 0)*(1 + -11). Let o = 660 - d. What is the units digit of o?
5
Suppose 0 = 8*u - 4*u + 12. Let b(s) = 19*s**2 + 13*s + 38. Let l(z) = -37*z**2 - 25*z - 74. Let p(g) = -11*b(g) - 6*l(g). What is the tens digit of p(u)?
2
Let z be (-1 - 0)*(-6 - -6). Suppose 13*j - 14*j + 18 = z. Suppose 6*l + 840 = j*l. What is the tens digit of l?
7
Let v = -2054 + 3307. What is the thousands digit of v?
1
Let y be (-8)/20 + 39834/10 + 1. Suppose 0*p = -6*p + y. Suppose -x + j = -3*j - 169, p = 4*x - 4*j. What is the tens digit of x?
6
Let k be (-18)/(-54) - (-6221)/3. Suppose -7*j + 9203 + k = 0. What is the thousands digit of j?
1
Suppose 18*v - 25*v = -7840. Suppose 2*w + 211 = b - 0*w, -5*b - 3*w = -v. What is the units digit of b?
1
Let t(k) = -k**2 + 8*k - 519. Let w be t(0). Let h = 677 - w. What is the hundreds digit of h?
1
Suppose 11*r + 6*r + 51 = 0. What is the units digit of 323 - (6/18 - r/(-9))?
3
Suppose -3*i + 425 = -436. Suppose -107 - i = -2*u + 4*r, -3*u = -4*r - 593. What is the units digit of u?
9
Suppose 2*w + 14 = 3*w. Let r(a) = 243 + 9*a + 242 + 240 - 725. What is the units digit of r(w)?
6
What is the thousands digit of (4150/75 + -55)/(-1*1/(-12399))?
4
Let z be 150/35 - (-4)/(-14). Suppose 3*c - 5*x + 9 = 0, -11 = -z*c - 0*x - x. Suppose 7*w - 675 = c*w. What is the tens digit of w?
3
Let k = 175 + -308. What is the hundreds digit of (0 - -27)/((-7)/k)?
5
Let w(s) = -2*s**3 + 27*s**2 - 19*s - 23. Suppose 178*d - 176*d - 22 = 0. What is the units digit of w(d)?
3
Suppose 8*c - 3*f - 457275 = 0, 87*c = 89*c + 2*f - 114294. What is the units digit of c?
6
Let u(a) = 2423*a + 561. What is the tens digit of u(6)?
9
Suppose 120 = -31*b + 36*b. Suppose -b*n + 10036 = 3724. What is the tens digit of n?
6
Let s(l) = l**2 + 6*l + 7. Let n be s(-5). Suppose -7*m + 1347 = 262. Suppose m = 3*j + 5*i, -n*j = -5*j + 2*i + 127. What is the tens digit of j?
4
Let x be ((-265824)/(-21))/1 - 20/70. Suppose -x - 1802 = -15*y. What is the hundreds digit of y?
9
Suppose 8*k - 578 = 54. Suppose -k = -5*z + 46. Suppose -2*o - z = -59. What is the units digit of o?
7
Let g be 167438/14 - (-28)/196. Suppose 35*s - 58*s = -g. What is the hundreds digit of s?
5
Let i(v) = -54*v - 21. Let u be i(5). Let f = u + 469. What is the units digit of f?
8
Suppose -6 = 4*q + 2*y - 10, 3*q = -y + 3. Let s(h) = -37*h + 6. Let a(u) = -19*u + 3. Let z(g) = -14*a(g) + 6*s(g). What is the units digit of z(q)?
8
Let i(b) = 131*b + 129. Let a be i(-8). Let q = -4 - -19. What is the tens digit of a/(-8) - q/(-120)?
1
Suppose -2*g - 10 = 3*g. Let w = g + 7. Suppose -2*m - 6*x + x + 136 = 0, 0 = w*x. What is the units digit of m?
8
Let k(w) = 54*w**2 + 47*w - 374. What is the ten thousands digit of k(-18)?
1
Let z = -124 - -123. What is the tens digit of (z - (-54)/(-4))/(1/(-14))?
0
Let g = -36 - -3. Let r = 38 + g. Suppose r*f - 4*i - 78 = 94, -4*f + 2*i + 140 = 0. What is the units digit of f?
6
Suppose -15*n = -13*n - 6. Suppose 4*k - 5*a = 493, n*k + 5*a = 2*k + 117. What is the tens digit of k?
2
Suppose -8*j + 13*j = -5*m + 22815, 5*j = -2*m + 22803. Suppose -j = -11*c + 292. What is the tens digit of c?
4
Suppose -3*p + 11*p = 16. Let t(m) = -30*m + 1. Let n be t(p). Let f = 62 + n. What is the units digit of f?
3
Let q = -217 - -132. Let f = q + 183. What is the tens digit of f?
9
Let k(m) be the third derivative of m**4/8 + 11*m**3/3 - 5*m**2 + 2*m. What is the tens digit of k(6)?
4
Suppose -3*w - 403 + 2138 = -5*a, w = -2*a - 694. Let f(k) = -k**3 - 25*k**2 - 15*k + 32. Let p be f(-24). Let h = p - a. What is the units digit of h?
3
Let g = -419 - -4437. What is the units digit of g?
8
What is the units digit of ((-6)/57 + 14 + 2695/(-209))*70157?
7
Suppose 2*j + g - 4 = j, 2*g + 16 = 4*j. Suppose 0 = -j*z + l + 1723, 2*l = 5*z + 317 - 2470. What is the tens digit of z?
3
Let v(p) = 2*p**2 - 2*p - 31. Let h be v(7). Let z = h - 41. What is the units digit of z?
2
Let x be (-172)/2 - (4 + -4). Let s be x/(-30) + -3 - (-2616)/45. Let i = 76 - s. What is the tens digit of i?
1
Suppose 14*v - 130 = v. Suppose -v*y = 10 - 30. Let i(m) = 32*m + 2. What is the units digit of i(y)?
6
Let y(h) = 50*h**2 + 20*h + 85*h**2 - 54*h**2 - 43. What is the hundreds digit of y(2)?
3
Let r(x) = -1894*x - 2400. What is the hundreds digit of r(-5)?
0
Suppose t + 72550 = 4*q, 1270 = 5*q - 5*t - 89410. What is the units digit of q?
8
Let q be 16/72 - (-87464)/72. Suppose -o = d - q, 17*d - 2428 = -2*o + 16*d. What is the tens digit of o?
1
Let l(n) = 8*n + 8*n**2 + 17 + n**3 - 41 + 20. Suppose 5*f + 4*s + 0*s = -38, 2*s - 14 = 3*f. What is the tens digit of l(f)?
2
Let t(z) = 47*z**2 - 43*z - 141. What is the tens digit of t(15)?
8
Suppose -101*n = -93*n - 24. Suppose 3709 = n*h + o, -h + o = h - 2466. What is the tens digit of h?
3
Let o(p) be the first derivative of 5*p**3/3 - 7*p**2 + 19*p + 16. Let l(h) = 9*h**2 - 27*h + 37. Let y(x) = -6*l(x) + 11*o(x). What is the units digit of y(7)?
2
Let a = 617 - 392. Suppose -a = -22*d + 19*d. Let l = d - -36. What is the tens digit of l?
1
Let d = 6 - 16. Let r be (7 - (-55)/d)/((-3)/(-20)). Suppose r*k = 13*k - 48. What is the tens digit of k?
1
What is the hundreds digit of 3*6593*(884/(-78) - -11)*-2?
1
What is the hundreds digit of 2682 - (-2)/4*(-9 + 15)?
6
Let x(c) = 17*c**2 + 4*c - 1. Let b be x(-3). Suppose 4*s - 120 = b. Suppose -t + 2*t - s = 0. What is the tens digit of t?
6
What is the tens digit of (-1133 - -1)*(-3)/6*(-20)/(-8)?
1
Let m = 96000 - 12721. What is the units digit of m?
9
Let a be (1851/4)/((-12)/(-32)). Suppose -3*b + a = -1064. Let p = b + -498. What is the hundreds digit of p?
2
Let c(u) = 155*u - 376*u + 115*u + 140*u + u**3 + 23*u**2 + 39. What is the hundreds digit of c(-17)?
1
Let l(p) = p**2 - 16*p - 17. Let g be l(17). Suppose g = 6*q - 5 - 7. What is the tens digit of q/(-7) + (-3757)/(-91)?
4
Let x(n) = 131*n - 1130. What is the tens digit of x(50)?
2
Suppose 0 = -3*t + 2*p + 95215, -24*t + 5*p + 126965 = -20*t. What is the tens digit of t?
3
Suppose -79287 - 130890 = -33*h. What is the units digit of h?
9
Suppose p = 4*g - 107, 7*p + 50 = 2*g + 3*p. Suppose 0 = 4*s + 5*f + g, 4*f - 1 - 58 = 3*s. Let b = s + 22. What is the units digit of b?
9
Let h = 86 - 83. Suppose 5*p = 17 + 8, -4*p + 1901 = h*m. What is the units digit of (8/192*8)/(1/m)?
9
Suppose -53 = -5*t - 13. Let l be -6*(4/t + 0). What is the tens digit of (-3 + 79/l)*(-18)/8?
6
Let f(k) = 511*k**3 - 2*k**2 + 4*k - 2. Let p be f(1). Suppose 0*h - p = -h. Suppose 0 = q - 5, -3*q - h = -4*w + 2*q. What is the units digit of w?
4
Suppose w + 6*q - 149 = 4*q, 2*q = 5*w - 769. Let j = w + 174. What is the tens digit of j?
2
What is the thousands digit of (1373 + -2 - -2)/(179/716)?
5
Let k = -417 + 461. Suppose -3 = k*m - 45*m, -4*i - 2*m + 5054 = 0. What is the hundreds digit of i?
2
Let i(o) = 10*o - 26. Let x(t) = -t + 14. Let m be x(10). Let b be (-75)/(4 + -9) - m. What is the units digit of i(b)?
4
Suppose 8980 = 5*t + 5*c, 2*t = -4*c - c + 3595. What is the thousands digit of t?
1
Let f(k) = 14*k + 1069. What is the tens digit of f(106)?
5
Let m(j) = 144*j - 17. Let h be 23/8*1 - (-1)/8. What is the units digit of m(h)?
5
Let z = 5589 - -1357. What is the tens digit of z?
4
Suppose 18 - 14 = d. Suppose -3*k + 0*k = 2*q - 1445, -2*q + d*k + 1424 = 0. What is the units digit of q?
8
Let s(a) = 86 + 78 - 6 + 29*a - 57. What is the tens digit of s(12)?
4
Let r = 663 - 470. Suppose r*y = 188*y + 4770. What is the hundreds digit of y?
9
Suppose -9*t = -t + 19232. What is the units digit of t/(-30) + 10/(-75)?
0
What is the hundreds digit of 1113*39 + 944/118?
4
Let w be 11 + -20 + (53 - -2). Let v = 7 + -4. Suppose -r + w = 3*b, v*b + 43 = r - 15. What is the units digit of r?
2
Let p(g) = -9*g + 49. Let a be p(5). What is the units digit of a - (0 - 2912)/7?
0
Let c(a) = -2*a**3 - 51*a**2 - 341*a + 103. What is the tens digit of c(-